when 6 is divided by t.
2
Let t be 1*(-1)/(1/(-4)). Let k be -9*(t/3)/(-4). Suppose -k*n = 4*h - 49, h = -1 + 5. Calculate the remainder when n is divided by 4.
3
What is the remainder when 15 - -7 - (3 - 2)*-3 is divided by 9?
7
Let t = -12 - -21. Calculate the remainder when t is divided by 3.
0
Let d(a) = -a**3 + 9*a**2 - a + 12. Let j be d(9). Suppose 0 = 2*s + j - 33. Calculate the remainder when s is divided by 6.
3
Calculate the remainder when 26 is divided by 7/14 - 54/(-4).
12
Let o(k) be the first derivative of 6*k - 2*k - 5*k**2 - 4*k + 1. What is the remainder when o(-3) is divided by 16?
14
Suppose -4*y = -2*y. Suppose y*a - 5 = -a. Suppose -41 = -a*s + 3*j, -2 = 2*j - j. What is the remainder when s is divided by 3?
1
Calculate the remainder when 47 is divided by (1/(-2))/(1/(-24)).
11
Let s = -7 - -11. Suppose 0 = 4*a - 5*z + 13, -8 - 19 = -s*a - 3*z. Suppose 0 = 2*x - a*x + 14. Calculate the remainder when x is divided by 8.
6
Let d(b) = -b**3 + 3*b - 9. Let z be d(4). Let r = 90 + z. Suppose -f + 39 = 5*y, -4*y + 37 = -9*f + 4*f. Calculate the remainder when r is divided by y.
5
Suppose n = 3*n - 122. What is the remainder when n is divided by 19 + (-2)/4*6?
13
Let i be ((-16)/(-24))/((-2)/(-12)). Suppose 4*g - 2*u = -i + 20, -2*g - 4*u - 2 = 0. Calculate the remainder when 6 is divided by g.
0
Suppose 0 = 2*a + 3*w + 83, 2*w - 29 = a + 6*w. Let f be 803/(-9) - (-18)/81. Let z = a - f. What is the remainder when z is divided by 21?
19
Suppose 87 = 6*y - 3*y. Suppose -2*w + 17 = -y. What is the remainder when w is divided by 4?
3
Let l = 11 - 9. Suppose 0 = -2*v - 4*t + 126, 3*v = -l*v + 3*t + 250. What is the remainder when v is divided by 18?
17
Calculate the remainder when 45 is divided by 34/3 - 36/(-54).
9
Suppose -2*b = -31 - 93. Suppose 4*t = 91 - 7. Calculate the remainder when b is divided by t.
20
Suppose 5*z + 3*y = z + 12, 0 = 5*y. Let a = -8 - -14. Suppose -l = 5*d + a, 3*l + l - d = 18. Calculate the remainder when l is divided by z.
1
Suppose 8 = -4*u + 24. Calculate the remainder when 13 is divided by u.
1
Suppose 6*t = 4*t + 160. Suppose -4*x - 2*q + 116 = 0, 4*q = -3*x + t - 3. Calculate the remainder when 91 is divided by x.
29
Let s be 0/1*(0 + 1). Suppose x + s = 4. Suppose 9*k - x*k = 50. Calculate the remainder when 18 is divided by k.
8
Let p = -10 + 19. Let y(g) = -g**3 + 8*g**2 + 13*g - 11. Suppose 3*d - 47 = -5*n, 4*d + 7*n - 2*n = 61. Calculate the remainder when y(p) is divided by d.
11
Let d be (-20)/(-15) + 334/(-3). Calculate the remainder when (d/(-4))/((-12)/(-24)) is divided by 29.
26
Let a = -15 - -5. Let s(w) = w - 1. Calculate the remainder when s(2) is divided by (5/a)/((-2)/4).
0
Suppose -2*j = 10, -3*i + 2*j + 4 = -12. Let p be -2 + i + 11 - 1. Let u = p - 4. What is the remainder when 10 is divided by u?
4
Let u(l) = -l**2 - 17*l - 19. Calculate the remainder when u(-13) is divided by 13.
7
Let t(p) = p**2 - 5*p + 5. What is the remainder when t(8) is divided by (1*(-10)/4)/((-7)/28)?
9
Let x = -3 - -16. What is the remainder when 12/(-9)*(-75)/2 is divided by x?
11
Let b = -15 + 46. Calculate the remainder when b is divided by 11.
9
Suppose -44 + 216 = 4*l. Let b(q) = q - 3. Let z be b(3). Let c = z + 15. Calculate the remainder when l is divided by c.
13
Let b(h) = -h**3 - 4*h**2 - 4*h. Suppose 4*m + 13 = -3. What is the remainder when 47 is divided by b(m)?
15
Let x(c) = -2*c. Suppose 3*b + 792 = -3*n, 2*n + 0*n - 5*b + 507 = 0. What is the remainder when n/(-18)*(3 + -1) is divided by x(-5)?
9
Let i = 4 + -1. Calculate the remainder when 4 is divided by i.
1
Suppose 3 + 7 = 3*z - 2*y, 22 = 5*z + 2*y. Calculate the remainder when 6 is divided by z.
2
Let z = 21 - 1. Calculate the remainder when 56 is divided by z.
16
Let t(p) = 7*p + 9. Calculate the remainder when t(0) is divided by 3.
0
Let h = 21 - 17. Suppose t - h*d = -t + 92, -3*d - 94 = -2*t. Calculate the remainder when t is divided by 13.
11
Let c(g) = -g**2 + g. Let j be c(0). Suppose 64 = 4*w - j*w. Let h(y) = 2*y**2 - 5*y - 5. Calculate the remainder when h(-4) is divided by w.
15
Calculate the remainder when 41 is divided by 85/4 + 1 + (-29)/116.
19
Let r(v) = -v + 2. Let y = -155 - -92. Let j = -34 - y. What is the remainder when j is divided by r(-8)?
9
Let j(i) be the third derivative of -i**6/120 + i**5/12 + i**4/8 - 4*i**2. What is the remainder when 59 is divided by j(5)?
14
Let z(h) be the third derivative of h**6/15 + h**5/60 - h**4/12 + h**3/6 - 4*h**2. Calculate the remainder when 23 is divided by z(1).
7
Suppose 0 = -2*k - 2 + 8. Calculate the remainder when 11 is divided by k.
2
Let n(p) = -p**3 - 4*p**2 + 4*p + 5. Suppose -72*j + 5*d + 87 = -68*j, -j + 9 = 3*d. What is the remainder when j is divided by n(-5)?
8
Suppose 0 = y - 3*y + 14. Let x(r) = 0 - y - 7*r + 4*r. Calculate the remainder when x(-7) is divided by 5.
4
Suppose 4*a + 0*a = 208. What is the remainder when a is divided by 14?
10
Suppose -i + 30 = -6*i. Let j = 14 + i. What is the remainder when 23 is divided by j?
7
Let r = 79 + -37. Calculate the remainder when 167 is divided by r.
41
Calculate the remainder when 35 is divided by (-4)/(-4)*(1 + 18).
16
Suppose 60*o - 18 = 58*o. Calculate the remainder when 44 is divided by o.
8
Let u(i) = -3*i**3 - 2*i + 1. Let a be u(1). Let p(j) = 2*j**2 + 7*j + 5. What is the remainder when 17 is divided by p(a)?
8
Let n = -101 + 111. What is the remainder when 18 is divided by n?
8
Suppose 4*l + 27 - 125 = 5*i, 4*i = -3*l + 89. What is the remainder when l is divided by 10?
7
Suppose 5*j + 7*w + 20 = 4*w, 2*j + 2*w + 12 = 0. Let f be 1 + (-16)/4 - -12. Calculate the remainder when 0 + (j - 1) + f is divided by 3.
1
Calculate the remainder when 40 is divided by (-15)/60 + (-114)/(-8).
12
Let i = 14 + 5. What is the remainder when 35 is divided by i?
16
Let n(v) = -2*v**2 + 15*v - 13. What is the remainder when 15 is divided by n(6)?
0
Let c = 1 - 0. Let w be (1/(-3))/(c/(-12)). Calculate the remainder when ((-10)/15)/(w/(-186)) is divided by 11.
9
Let u = -5 + 10. Suppose -3*r + 32 = 4*k, u*r - 59 = 4*k + 5. Calculate the remainder when 21 is divided by r.
9
Let w = -21 - -40. What is the remainder when 92 is divided by w?
16
Let q be (2/4)/(2/76). Suppose 65 + q = 2*a. What is the remainder when a is divided by (30/4)/((-13)/(-26))?
12
Suppose 12 = -0*h + 3*h. Let x = 1 + 10. Calculate the remainder when x is divided by h.
3
Let o = 0 + 8. What is the remainder when o is divided by (-10)/(1/(-1)*2)?
3
Suppose 20 = 2*n - 16. What is the remainder when 35 is divided by n?
17
Let f = 4 - 0. Suppose 3*t - t = 2*v - 20, v + 4*t + 10 = 0. What is the remainder when v is divided by f?
2
Suppose -12 = -4*q + 4. Suppose -38 - 26 = -q*d - 3*x, 3*d - 3*x - 27 = 0. Calculate the remainder when 2 + 0 + (-3 - -26) is divided by d.
12
Let x = 8 - 6. Suppose x*z = -2*z + 8. Calculate the remainder when 5 is divided by z.
1
Let n = -7 - -13. Calculate the remainder when 32 is divided by 100/n - 3/(-9).
15
Let t(v) = 2*v**3 + 3*v**2 + 8. Let l(c) = 4*c**3 + 7*c**2 + 17. Let s(b) = 2*l(b) - 5*t(b). Calculate the remainder when s(-3) is divided by 20.
19
Suppose -5*r = 3*v - 15, -6 - 3 = -3*r. Suppose -q + 3 = -v. What is the remainder when 6 is divided by q?
0
Suppose -2*d - d + 18 = 0. What is the remainder when 10 is divided by d?
4
Calculate the remainder when 11 is divided by 2*(-3)/4 - (-225)/18.
0
Let n be (-138)/(-7) - 8/(-28). Let m be 67/4 + 5/n. Let o = m + -9. What is the remainder when 23 is divided by o?
7
Let o(y) = -y**2 - 2*y - 4. Let v be o(-3). Let n = -1 - v. Calculate the remainder when 21 is divided by n.
3
Let o(m) = -m + 9. What is the remainder when 33 is divided by o(-8)?
16
Suppose 6*j - 32 - 52 = 0. What is the remainder when 83 is divided by j?
13
Suppose 0 = k - 3*k + 2*a + 4, -5*k + 12 = -4*a. Suppose -w + 12 = -k. Suppose 0 = 4*c + 60 - 84. Calculate the remainder when w is divided by c.
4
Let p(f) = -f + 36. What is the remainder when p(0) is divided by 13?
10
Let l = 59 - 31. What is the remainder when l is divided by 15?
13
Suppose -3*l = x + 69, -2*l - 17 = 5*x + 29. Let d = l - -43. Let s = 36 - d. Calculate the remainder when s is divided by 6.
4
Let s be 23/(1/2 - 0). Let c = s + -